n 200674 is divided by 14?
12
What is the remainder when 1275 is divided by 1270?
5
What is the remainder when 139758 is divided by 67?
63
Calculate the remainder when 17438 is divided by 73.
64
Calculate the remainder when 2010 is divided by 1920.
90
Calculate the remainder when 1836 is divided by 1489.
347
What is the remainder when 16035 is divided by 341?
8
Calculate the remainder when 1702 is divided by 1644.
58
What is the remainder when 424753 is divided by 24?
1
What is the remainder when 17816 is divided by 17677?
139
What is the remainder when 13759 is divided by 21?
4
What is the remainder when 35578 is divided by 7?
4
What is the remainder when 33549 is divided by 238?
229
Calculate the remainder when 6577 is divided by 314.
297
Calculate the remainder when 1074 is divided by 9.
3
What is the remainder when 172975 is divided by 1116?
1111
Calculate the remainder when 24655 is divided by 186.
103
What is the remainder when 103656 is divided by 16?
8
Calculate the remainder when 6555 is divided by 3246.
63
What is the remainder when 9941 is divided by 413?
29
What is the remainder when 1277 is divided by 276?
173
Calculate the remainder when 952344 is divided by 194.
192
What is the remainder when 1142021 is divided by 87846?
23
Calculate the remainder when 22353 is divided by 11.
1
Calculate the remainder when 86096 is divided by 12.
8
Calculate the remainder when 409637 is divided by 280.
277
What is the remainder when 59393 is divided by 9898?
5
Calculate the remainder when 8106 is divided by 49.
21
What is the remainder when 4551 is divided by 34?
29
Calculate the remainder when 2511 is divided by 621.
27
Calculate the remainder when 15763 is divided by 508.
15
Calculate the remainder when 632902 is divided by 35.
32
What is the remainder when 78274 is divided by 36?
10
What is the remainder when 49173 is divided by 97?
91
What is the remainder when 7649 is divided by 24?
17
Calculate the remainder when 155805 is divided by 70.
55
Calculate the remainder when 6216 is divided by 109.
3
Calculate the remainder when 2962 is divided by 2952.
10
Calculate the remainder when 556308 is divided by 1159.
1147
Calculate the remainder when 1565 is divided by 192.
29
What is the remainder when 16569 is divided by 84?
21
Calculate the remainder when 27793 is divided by 536.
457
Calculate the remainder when 1272584 is divided by 238.
236
What is the remainder when 398 is divided by 174?
50
What is the remainder when 606 is divided by 258?
90
Calculate the remainder when 2014 is divided by 329.
40
Calculate the remainder when 320 is divided by 2.
0
What is the remainder when 8234329 is divided by 1261?
1260
What is the remainder when 97948 is divided by 1660?
8
What is the remainder when 16294 is divided by 61?
7
What is the remainder when 82202 is divided by 1749?
1748
What is the remainder when 1252 is divided by 87?
34
Calculate the remainder when 2489603 is divided by 12.
11
What is the remainder when 9485 is divided by 3156?
17
What is the remainder when 211114 is divided by 406?
400
Calculate the remainder when 41179 is divided by 792.
787
What is the remainder when 952 is divided by 650?
302
What is the remainder when 5563078 is divided by 170?
168
What is the remainder when 5693 is divided by 211?
207
What is the remainder when 35319 is divided by 174?
171
What is the remainder when 2660 is divided by 380?
0
What is the remainder when 1540902 is divided by 8110?
2
Calculate the remainder when 482866 is divided by 870.
16
Calculate the remainder when 32129 is divided by 3.
2
What is the remainder when 1098 is divided by 433?
232
What is the remainder when 15439 is divided by 3856?
15
Calculate the remainder when 30289 is divided by 194.
25
What is the remainder when 1453 is divided by 16?
13
Calculate the remainder when 955539 is divided by 36.
27
What is the remainder when 717 is divided by 136?
37
Calculate the remainder when 6289 is divided by 340.
169
What is the remainder when 22937 is divided by 717?
710
Calculate the remainder when 894 is divided by 184.
158
What is the remainder when 5603 is divided by 181?
173
Calculate the remainder when 201914 is divided by 286.
284
What is the remainder when 33371 is divided by 89?
85
Calculate the remainder when 23976 is divided by 2178.
18
Calculate the remainder when 3115 is divided by 130.
125
What is the remainder when 1144 is divided by 153?
73
Calculate the remainder when 981798 is divided by 956.
942
Calculate the remainder when 27319 is divided by 2595.
1369
What is the remainder when 1130 is divided by 13?
12
Calculate the remainder when 2036 is divided by 311.
170
What is the remainder when 24145 is divided by 483?
478
What is the remainder when 325516 is divided by 313?
309
Calculate the remainder when 3951 is divided by 721.
346
Calculate the remainder when 3209 is divided by 409.
346
What is the remainder when 833967 is divided by 628?
611
What is the remainder when 4848 is divided by 2422?
4
Calculate the remainder when 6769 is divided by 571.
488
What is the remainder when 16007 is divided by 168?
47
What is the remainder when 267391 is divided by 8625?
16
What is the remainder when 21749 is divided by 58?
57
What is the remainder when 130271 is divided by 276?
275
Calculate the remainder when 4653 is divided by 2235.
183
Calculate the remainder when 16327 is divided by 74.
47
Calculate the remainder when 725 is divided by 12.
5
Calculate the remainder when 84640 is divided by 2730.
10
What is the remainder when 3942 is divided by 1918?
106
What is the remainder when 12240 is divided by 613?
593
Calculate the remainder when 64523 is divided by 145.
143
Calculate the remainder when 2611 is divided by 135.
46
What is the remainder when 6638 is divided by 1629?
122
What is the remainder when 1424 is divided by 749?
675
Calculate the remainder when 120959 is divided by 90.
89
Calculate the remainder when 174326 is divided by 2152.
14
Calculate the remainder when 27101 is divided by 105.
11
What is the remainder when 15997 is divided by 21?
16
What is the remainder when 89987 is divided by 22491?
23
Calculate the remainder when 658 is divided by 13.
8
Calculate the remainder when 4190 is divided by 2089.
12
Calculate the remainder when 4703 is divided by 4276.
427
Calculate the remainder when 36300 is divided by 864.
12
What is the remainder when 330 is divided by 106?
12
Calculate the remainder when 12914 is divided by 205.
204
What is the remainder when 1952 is divided by 285?
242
Calculate the remainder when 22774 is divided by 30.
4
Calculate the remainder when 1469211 is divided by 53.
51
Calculate the remainder when 68274 is divided by 25.
24
Calculate the remainder when 14244 is divided by 13.
9
What is the remainder when 14589 is divided by 3414?
933
What is the remainder when 55391 is divided by 301?
7
Calculate the remainder when 556754 is divided by 185582.
8
What is the remainder when 3838642 is divided by 108?
106
Calculate the remainder when 22516 is divided by 1024.
1012
Calculate the remainder when 36035 is divided by 4002.
17
Calculate the remainder when 869 is divided by 147.
134
Calculate the remainder when 9828 is divided by 152.
100
Calculate the remainder when 60711 is divided by 482.
461
What is the remainder when 73977 is divided by 33?
24
What is the remainder when 383 is divided by 26?
19
Calculate the remainder when 168848 is divided by 550.
548
Calculate the remainder when 2730172 is divided by 293.
291
Calculate the remainder when 82643 is divided by 11794.
85
Calculate the remainder when 420046 is divided by 25.
21
What is the remainder when 4439887 is divided by 597?
595
What is the remainder when 273417 is divided by 620?
617
Calculate the remainder when 8279 is divided by 1601.
274
Calculate the remainder when 42418 is divided by 4713.
1
Calculate the remainder when 17269 is divided by 17267.
2
Calculate the remainder when 918728 is divided by 36749.
3
Calculate the remainder when 60911 is divided by 33.
26
What is the remainder when 22114 is divided by 5480?
194
What is the remainder when 146715 is divided by 23?
21
Calculate the remainder when 113143 is divided by 26.
17
Calculate the remainder when 22973 is divided by 2552.
5
Calculate the r